{"id":2948,"date":"2020-06-08T10:28:38","date_gmt":"2020-06-08T10:28:38","guid":{"rendered":"https:\/\/uri.org.al\/?post_type=project&#038;p=2948"},"modified":"2022-08-01T08:51:14","modified_gmt":"2022-08-01T08:51:14","slug":"kapacitete-gcf-2","status":"publish","type":"project","link":"http:\/\/uri.org.al\/sq\/project\/kapacitete-gcf-2\/","title":{"rendered":"Zhvillimi i Kapaciteteve t\u00eb Shqip\u00ebris\u00eb p\u00ebr nj\u00eb Angazhim Efektiv me Green Climate Fund"},"content":{"rendered":"\n<p>Qeveria e Shqip\u00ebris\u00eb po p\u00ebrpiqet t\u00eb rris\u00eb rezistenc\u00ebn klimatike t\u00eb vendit. Objektivi i k\u00ebtij granti ishte t\u00eb ndihmonte vendin n\u00eb identifikimin e aktiviteteve t\u00eb ndryshimeve klimatike me prioritet t\u00eb lart\u00eb financimi, duke mb\u00ebshtetur k\u00ebshtu Ministrin\u00eb e Turizmit dhe Mjedisit dhe Pik\u00ebn Komb\u00ebtare Fokale n\u00eb finalizimin e Programit t\u00eb Vendit p\u00ebr angazhimin me GCF, si dhe duke ofruar udh\u00ebzime dhe mb\u00ebshtetje n\u00eb fushat prioritare strategjike p\u00ebr angazhimin me GCF. <\/p>\n\n\n\n<p><a href=\"http:\/\/uri.org.al\/wp-content\/uploads\/2022\/05\/GCF-shqip.pdf\">Flet\u00eb informuese<\/a><\/p>\n\n\n\n<figure class=\"wp-block-gallery has-nested-images columns-default is-cropped wp-block-gallery-1 is-layout-flex wp-block-gallery-is-layout-flex\">\n<figure class=\"wp-block-image size-large\"><img loading=\"lazy\" decoding=\"async\" width=\"592\" height=\"318\" data-id=\"2121\" src=\"https:\/\/uri.org.al\/wp-content\/uploads\/2022\/04\/GCF2.jpg\" alt=\"\" class=\"wp-image-2121\" srcset=\"http:\/\/uri.org.al\/wp-content\/uploads\/2022\/04\/GCF2.jpg 592w, http:\/\/uri.org.al\/wp-content\/uploads\/2022\/04\/GCF2-300x161.jpg 300w\" sizes=\"auto, (max-width: 592px) 100vw, 592px\" \/><\/figure>\n\n\n\n<figure class=\"wp-block-image size-large\"><img loading=\"lazy\" decoding=\"async\" width=\"593\" height=\"319\" data-id=\"2123\" src=\"https:\/\/uri.org.al\/wp-content\/uploads\/2022\/04\/Main-Foto-9.jpg\" alt=\"\" class=\"wp-image-2123\" srcset=\"http:\/\/uri.org.al\/wp-content\/uploads\/2022\/04\/Main-Foto-9.jpg 593w, http:\/\/uri.org.al\/wp-content\/uploads\/2022\/04\/Main-Foto-9-300x161.jpg 300w\" sizes=\"auto, (max-width: 593px) 100vw, 593px\" \/><\/figure>\n<\/figure>\n","protected":false},"featured_media":2134,"template":"","class_list":["post-2948","project","type-project","status-publish","has-post-thumbnail","hentry","project_categories-mjedisi-dhe-turizmi"],"acf":[],"_links":{"self":[{"href":"http:\/\/uri.org.al\/sq\/wp-json\/wp\/v2\/project\/2948","targetHints":{"allow":["GET"]}}],"collection":[{"href":"http:\/\/uri.org.al\/sq\/wp-json\/wp\/v2\/project"}],"about":[{"href":"http:\/\/uri.org.al\/sq\/wp-json\/wp\/v2\/types\/project"}],"wp:featuredmedia":[{"embeddable":true,"href":"http:\/\/uri.org.al\/sq\/wp-json\/wp\/v2\/media\/2134"}],"wp:attachment":[{"href":"http:\/\/uri.org.al\/sq\/wp-json\/wp\/v2\/media?parent=2948"}],"curies":[{"name":"wp","href":"https:\/\/api.w.org\/{rel}","templated":true}]}}

Zhvillimi i Kapaciteteve të Shqipërisë për një Angazhim Efektiv me Green Climate Fund

<p>Qeveria e Shqipërisë po përpiqet të rrisë rezistencën klimatike të vendit. Objektivi i këtij granti ishte të ndihmonte vendin në identifikimin e aktiviteteve të ndryshimeve klimatike me prioritet të lartë financimi, duke mbështetur kështu Ministrinë e Turizmit dhe Mjedisit dhe Pikën Kombëtare Fokale në finalizimin e Programit të Vendit për angazhimin me GCF, si dhe duke ofruar udhëzime dhe mbështetje në fushat prioritare strategjike për angazhimin me GCF. </p>



<p><a href="http://uri.org.al/wp-content/uploads/2022/05/GCF-shqip.pdf">Fletë informuese</a></p>



<figure class="wp-block-gallery has-nested-images columns-default is-cropped wp-block-gallery-1 is-layout-flex wp-block-gallery-is-layout-flex">
<figure class="wp-block-image size-large"><img loading="lazy" decoding="async" width="592" height="318" data-id="2121" src="https://uri.org.al/wp-content/uploads/2022/04/GCF2.jpg" alt="" class="wp-image-2121" srcset="http://uri.org.al/wp-content/uploads/2022/04/GCF2.jpg 592w, http://uri.org.al/wp-content/uploads/2022/04/GCF2-300x161.jpg 300w" sizes="auto, (max-width: 592px) 100vw, 592px" /></figure>



<figure class="wp-block-image size-large"><img loading="lazy" decoding="async" width="593" height="319" data-id="2123" src="https://uri.org.al/wp-content/uploads/2022/04/Main-Foto-9.jpg" alt="" class="wp-image-2123" srcset="http://uri.org.al/wp-content/uploads/2022/04/Main-Foto-9.jpg 593w, http://uri.org.al/wp-content/uploads/2022/04/Main-Foto-9-300x161.jpg 300w" sizes="auto, (max-width: 593px) 100vw, 593px" /></figure>
</figure>
