{"id":3153,"date":"2019-04-22T12:20:03","date_gmt":"2019-04-22T12:20:03","guid":{"rendered":"http:\/\/uri.org.al\/?post_type=gallery&#038;p=3153"},"modified":"2022-08-02T12:21:13","modified_gmt":"2022-08-02T12:21:13","slug":"emisioni-ura","status":"publish","type":"gallery","link":"https:\/\/uri.org.al\/sq\/gallery\/emisioni-ura\/","title":{"rendered":"Z. Edlir Vokopola n\u00eb Emisionin URA"},"content":{"rendered":"\n<p>Z. Edlir Vokopola, Drejtor i Zhvillimit dhe Planifikimit te Instituti i K\u00ebrkimeve Urbane, ishte i ftuar n\u00eb emisionin URA p\u00ebr t\u00eb folur mbi problematika mjedisore. <\/p>\n\n\n\n<figure class=\"wp-block-embed is-type-video is-provider-youtube wp-block-embed-youtube wp-embed-aspect-16-9 wp-has-aspect-ratio\"><div class=\"wp-block-embed__wrapper\">\n<iframe loading=\"lazy\" title=\"Emisioni URA 22.04.2020 i ftuar Z. Edlir Vokopola\" width=\"500\" height=\"281\" src=\"https:\/\/www.youtube.com\/embed\/pv91moNqrqE?feature=oembed\" frameborder=\"0\" allow=\"accelerometer; autoplay; clipboard-write; encrypted-media; gyroscope; picture-in-picture; web-share\" referrerpolicy=\"strict-origin-when-cross-origin\" allowfullscreen><\/iframe>\n<\/div><\/figure>\n","protected":false},"featured_media":2207,"template":"","class_list":["post-3153","gallery","type-gallery","status-publish","has-post-thumbnail","hentry"],"acf":[],"_links":{"self":[{"href":"https:\/\/uri.org.al\/sq\/wp-json\/wp\/v2\/gallery\/3153","targetHints":{"allow":["GET"]}}],"collection":[{"href":"https:\/\/uri.org.al\/sq\/wp-json\/wp\/v2\/gallery"}],"about":[{"href":"https:\/\/uri.org.al\/sq\/wp-json\/wp\/v2\/types\/gallery"}],"wp:featuredmedia":[{"embeddable":true,"href":"https:\/\/uri.org.al\/sq\/wp-json\/wp\/v2\/media\/2207"}],"wp:attachment":[{"href":"https:\/\/uri.org.al\/sq\/wp-json\/wp\/v2\/media?parent=3153"}],"curies":[{"name":"wp","href":"https:\/\/api.w.org\/{rel}","templated":true}]}}

Z. Edlir Vokopola në Emisionin URA

<p>Z. Edlir Vokopola, Drejtor i Zhvillimit dhe Planifikimit te Instituti i Kërkimeve Urbane, ishte i ftuar në emisionin URA për të folur mbi problematika mjedisore. </p>



<figure class="wp-block-embed is-type-video is-provider-youtube wp-block-embed-youtube wp-embed-aspect-16-9 wp-has-aspect-ratio"><div class="wp-block-embed__wrapper">
<iframe loading="lazy" title="Emisioni URA 22.04.2020 i ftuar Z. Edlir Vokopola" width="500" height="281" src="https://www.youtube.com/embed/pv91moNqrqE?feature=oembed" frameborder="0" allow="accelerometer; autoplay; clipboard-write; encrypted-media; gyroscope; picture-in-picture; web-share" referrerpolicy="strict-origin-when-cross-origin" allowfullscreen></iframe>
</div></figure>
