{"id":1558,"date":"2022-01-10T16:49:06","date_gmt":"2022-01-10T16:49:06","guid":{"rendered":"http:\/\/uri.org.al\/?post_type=project&#038;p=1558"},"modified":"2022-07-13T08:52:50","modified_gmt":"2022-07-13T08:52:50","slug":"riciklimi-less-waste-ii","status":"publish","type":"project","link":"https:\/\/uri.org.al\/sq\/project\/riciklimi-less-waste-ii\/","title":{"rendered":"Promovimi i Parandalimit t\u00eb Mbetjeve dhe Riciklimi n\u00eb Zon\u00ebn Nd\u00ebrkufitare \u2013 Less Waste II"},"content":{"rendered":"\n<p>Menaxhimi i duhur i mbeturinave mbetet nj\u00eb problem n\u00eb zon\u00ebn nd\u00ebrkufitare Shqip\u00ebri-Greqi. Jan\u00eb b\u00ebr\u00eb hapa drejt Menaxhimit t\u00eb Integruar t\u00eb Mbetjeve, por ende ka shum\u00eb p\u00ebr t\u00eb b\u00ebr\u00eb. Sipas raportit &#8220;Menaxhimi i Mbeturinave Komunale&#8221; t\u00eb Agjencis\u00eb Evropiane t\u00eb Mjedisit, n\u00eb Shqip\u00ebri k\u00ebrkohet urgjentisht ngritja e nj\u00eb sistemi t\u00eb ve\u00e7ant\u00eb t\u00eb grumbullimit p\u00ebr mbeturinat e ngurta komunale, nd\u00ebrsa aktualisht \u00ebsht\u00eb nisur zhvillimi i deponive t\u00eb reja rajonale t\u00eb cilat jan\u00eb n\u00eb pajtueshm\u00ebrin\u00eb me standardet mjedisore dhe sanitare t\u00eb BE.<\/p>\n\n\n\n<p>Strategjia e projektit \u00ebsht\u00eb t\u00eb kombinoj\u00eb menaxhimin e centralizuar t\u00eb bio-mbeturinave, p\u00ebr t\u00eb arritur objektivat e 2020 p\u00ebr m\u00eb pak deponime. Projekti synon i) t\u00eb p\u00ebrmir\u00ebsoj\u00eb kapacitetet e menaxhimit t\u00eb mbeturinave n\u00eb zonat e targetimit, ve\u00e7an\u00ebrisht n\u00eb sektor\u00ebt e kompostimit dhe riciklimit; ii) t\u00eb p\u00ebrmir\u00ebsoj\u00eb ndjesh\u00ebm kapacitetet e kontejner\u00ebve p\u00ebr kompostimin\/riciklimin qoft\u00eb n\u00eb nivel lagjeje apo n\u00eb sht\u00ebpi (ndarja n\u00eb burim) n\u00eb 30%.<\/p>\n\n\n\n<p>Objektivi i p\u00ebrgjithsh\u00ebm i Less Waste II \u00ebsht\u00eb parandalimi i mbeturinave p\u00ebrmes promovimit t\u00eb praktikave t\u00eb riciklimit\/kompostimit, q\u00eb do t\u00eb realizohet p\u00ebrmes zhvillimit t\u00eb p\u00ebrbashk\u00ebt dhe zbatimit t\u00eb veprimeve demonstruese n\u00eb zonat partnere t\u00eb projektit.<\/p>\n\n\n\n<p><a href=\"https:\/\/uri.org.al\/wp-content\/uploads\/2022\/06\/Less-Waste-shqip.pdf\">Flet\u00eb informuese<\/a><\/p>\n\n\n\n<figure class=\"wp-block-gallery has-nested-images columns-default is-cropped wp-block-gallery-1 is-layout-flex wp-block-gallery-is-layout-flex\">\n<figure class=\"wp-block-image size-large\"><a href=\"https:\/\/uri.org.al\/wp-content\/uploads\/2021\/11\/recycling-center.jpg\"><img loading=\"lazy\" decoding=\"async\" width=\"1024\" height=\"576\" data-id=\"1023\" src=\"https:\/\/uri.org.al\/wp-content\/uploads\/2021\/11\/recycling-center-1024x576.jpg\" alt=\"\" class=\"wp-image-1023\" srcset=\"https:\/\/uri.org.al\/wp-content\/uploads\/2021\/11\/recycling-center-1024x576.jpg 1024w, https:\/\/uri.org.al\/wp-content\/uploads\/2021\/11\/recycling-center-300x169.jpg 300w, https:\/\/uri.org.al\/wp-content\/uploads\/2021\/11\/recycling-center-768x432.jpg 768w, https:\/\/uri.org.al\/wp-content\/uploads\/2021\/11\/recycling-center.jpg 1280w\" sizes=\"auto, (max-width: 1024px) 100vw, 1024px\" \/><\/a><\/figure>\n\n\n\n<figure class=\"wp-block-image size-large\"><a href=\"https:\/\/uri.org.al\/wp-content\/uploads\/2021\/11\/meeting-954x452-1.jpg\"><img decoding=\"async\" data-id=\"1021\" src=\"https:\/\/uri.org.al\/wp-content\/uploads\/2021\/11\/meeting-954x452-1-1024x485.jpg\" alt=\"\" class=\"wp-image-1021\"\/><\/a><\/figure>\n<\/figure>\n","protected":false},"featured_media":1021,"template":"","class_list":["post-1558","project","type-project","status-publish","has-post-thumbnail","hentry","project_categories-menaxhimi-i-sherbimeve-publike"],"acf":[],"_links":{"self":[{"href":"https:\/\/uri.org.al\/sq\/wp-json\/wp\/v2\/project\/1558","targetHints":{"allow":["GET"]}}],"collection":[{"href":"https:\/\/uri.org.al\/sq\/wp-json\/wp\/v2\/project"}],"about":[{"href":"https:\/\/uri.org.al\/sq\/wp-json\/wp\/v2\/types\/project"}],"wp:featuredmedia":[{"embeddable":true,"href":"https:\/\/uri.org.al\/sq\/wp-json\/wp\/v2\/media\/1021"}],"wp:attachment":[{"href":"https:\/\/uri.org.al\/sq\/wp-json\/wp\/v2\/media?parent=1558"}],"curies":[{"name":"wp","href":"https:\/\/api.w.org\/{rel}","templated":true}]}}

Promovimi i Parandalimit të Mbetjeve dhe Riciklimi në Zonën Ndërkufitare – Less Waste II

<p>Menaxhimi i duhur i mbeturinave mbetet një problem në zonën ndërkufitare Shqipëri-Greqi. Janë bërë hapa drejt Menaxhimit të Integruar të Mbetjeve, por ende ka shumë për të bërë. Sipas raportit &#8220;Menaxhimi i Mbeturinave Komunale&#8221; të Agjencisë Evropiane të Mjedisit, në Shqipëri kërkohet urgjentisht ngritja e një sistemi të veçantë të grumbullimit për mbeturinat e ngurta komunale, ndërsa aktualisht është nisur zhvillimi i deponive të reja rajonale të cilat janë në pajtueshmërinë me standardet mjedisore dhe sanitare të BE.</p>



<p>Strategjia e projektit është të kombinojë menaxhimin e centralizuar të bio-mbeturinave, për të arritur objektivat e 2020 për më pak deponime. Projekti synon i) të përmirësojë kapacitetet e menaxhimit të mbeturinave në zonat e targetimit, veçanërisht në sektorët e kompostimit dhe riciklimit; ii) të përmirësojë ndjeshëm kapacitetet e kontejnerëve për kompostimin/riciklimin qoftë në nivel lagjeje apo në shtëpi (ndarja në burim) në 30%.</p>



<p>Objektivi i përgjithshëm i Less Waste II është parandalimi i mbeturinave përmes promovimit të praktikave të riciklimit/kompostimit, që do të realizohet përmes zhvillimit të përbashkët dhe zbatimit të veprimeve demonstruese në zonat partnere të projektit.</p>



<p><a href="https://uri.org.al/wp-content/uploads/2022/06/Less-Waste-shqip.pdf">Fletë informuese</a></p>



<figure class="wp-block-gallery has-nested-images columns-default is-cropped wp-block-gallery-1 is-layout-flex wp-block-gallery-is-layout-flex">
<figure class="wp-block-image size-large"><a href="https://uri.org.al/wp-content/uploads/2021/11/recycling-center.jpg"><img loading="lazy" decoding="async" width="1024" height="576" data-id="1023" src="https://uri.org.al/wp-content/uploads/2021/11/recycling-center-1024x576.jpg" alt="" class="wp-image-1023" srcset="https://uri.org.al/wp-content/uploads/2021/11/recycling-center-1024x576.jpg 1024w, https://uri.org.al/wp-content/uploads/2021/11/recycling-center-300x169.jpg 300w, https://uri.org.al/wp-content/uploads/2021/11/recycling-center-768x432.jpg 768w, https://uri.org.al/wp-content/uploads/2021/11/recycling-center.jpg 1280w" sizes="auto, (max-width: 1024px) 100vw, 1024px" /></a></figure>



<figure class="wp-block-image size-large"><a href="https://uri.org.al/wp-content/uploads/2021/11/meeting-954x452-1.jpg"><img decoding="async" data-id="1021" src="https://uri.org.al/wp-content/uploads/2021/11/meeting-954x452-1-1024x485.jpg" alt="" class="wp-image-1021"/></a></figure>
</figure>
