{"id":1691,"date":"2017-03-11T14:02:59","date_gmt":"2017-03-11T14:02:59","guid":{"rendered":"http:\/\/uri.org.al\/?post_type=project&#038;p=1691"},"modified":"2022-02-04T14:03:52","modified_gmt":"2022-02-04T14:03:52","slug":"projekti-per-forcimin-e-rrjeteve-rinore-per-rritjen-e-pjesemarrjes-ne-hartimin-dhe-zbatimin-e-politikave-rinore","status":"publish","type":"project","link":"https:\/\/uri.org.al\/sq\/project\/projekti-per-forcimin-e-rrjeteve-rinore-per-rritjen-e-pjesemarrjes-ne-hartimin-dhe-zbatimin-e-politikave-rinore\/","title":{"rendered":"Projekti p\u00ebr Forcimin e Rrjeteve Rinore p\u00ebr Rritjen e Pjes\u00ebmarrjes n\u00eb Hartimin dhe Zbatimin e Politikave Rinore"},"content":{"rendered":"\n<p><br><\/p>\n\n\n\n<p>N\u00eb kuad\u00ebr t\u00eb mb\u00ebshtetjes dhe angazhimit t\u00eb organizatave dhe grupeve rinore n\u00eb proceset vendim marr\u00ebse, Ministria e Kultures, Turizmit, Rinis\u00eb dhe Sporteve, me mb\u00ebshtetjen e organizat\u00ebs UNICEF, hartoi dhe organizoi nj\u00eb set trajnimesh 2 ditore n\u00eb qytetet Tiran\u00eb, Durr\u00ebs dhe Elbasan. Ekspert\u00ebt e Institutit p\u00ebr Kerkime Urbane hartuan dhe zbatuan konceptet themelore t\u00eb angazhimit t\u00eb komponentit rinor n\u00eb proceset vendim marr\u00ebse si: 1. Aft\u00ebsimin e organizatave rinore p\u00ebr p\u00ebrmbushjen e misionit t\u00eb tyre; 2. Funksionimin e organizatat rinore si p\u00ebrfaq\u00ebsues t\u00eb grupeve q\u00eb p\u00ebrfaq\u00ebsojn\u00eb; 3. Pajisjen e drejtuesve t\u00eb organizatave rinore me aft\u00ebsi specifike n\u00eb fush\u00ebn e Lidershipit dhe te Shkrimit te Projekteve.<\/p>\n\n\n\n<figure class=\"wp-block-gallery has-nested-images columns-default is-cropped wp-block-gallery-1 is-layout-flex wp-block-gallery-is-layout-flex\">\n<figure class=\"wp-block-image size-large\"><img loading=\"lazy\" decoding=\"async\" width=\"800\" height=\"533\" data-id=\"672\" src=\"https:\/\/uri.tokdev.al\/wp-content\/uploads\/2021\/11\/youth.jpg\" alt=\"\" class=\"wp-image-672\" srcset=\"https:\/\/uri.org.al\/wp-content\/uploads\/2021\/11\/youth.jpg 800w, https:\/\/uri.org.al\/wp-content\/uploads\/2021\/11\/youth-300x200.jpg 300w, https:\/\/uri.org.al\/wp-content\/uploads\/2021\/11\/youth-768x512.jpg 768w\" sizes=\"auto, (max-width: 800px) 100vw, 800px\" \/><\/figure>\n<\/figure>\n\n\n\n<p class=\"has-light-green-cyan-color has-text-color\"><a href=\"http:\/\/www.uri.org.al\/new\/wp-content\/uploads\/2015\/07\/Projekti-p%C3%ABr-Forcimin-e-Rrjeteve-Rinore-p%C3%ABr-Rritjen-e-Pjes%C3%ABmarrjes-n%C3%AB.pdf\">Lexo m\u00eb shum\u00eb<\/a><\/p>\n","protected":false},"featured_media":2451,"template":"","class_list":["post-1691","project","type-project","status-publish","has-post-thumbnail","hentry","project_categories-iniciativat-sociale"],"acf":[],"_links":{"self":[{"href":"https:\/\/uri.org.al\/sq\/wp-json\/wp\/v2\/project\/1691","targetHints":{"allow":["GET"]}}],"collection":[{"href":"https:\/\/uri.org.al\/sq\/wp-json\/wp\/v2\/project"}],"about":[{"href":"https:\/\/uri.org.al\/sq\/wp-json\/wp\/v2\/types\/project"}],"wp:featuredmedia":[{"embeddable":true,"href":"https:\/\/uri.org.al\/sq\/wp-json\/wp\/v2\/media\/2451"}],"wp:attachment":[{"href":"https:\/\/uri.org.al\/sq\/wp-json\/wp\/v2\/media?parent=1691"}],"curies":[{"name":"wp","href":"https:\/\/api.w.org\/{rel}","templated":true}]}}

Projekti për Forcimin e Rrjeteve Rinore për Rritjen e Pjesëmarrjes në Hartimin dhe Zbatimin e Politikave Rinore

<p><br></p>



<p>Në kuadër të mbështetjes dhe angazhimit të organizatave dhe grupeve rinore në proceset vendim marrëse, Ministria e Kultures, Turizmit, Rinisë dhe Sporteve, me mbështetjen e organizatës UNICEF, hartoi dhe organizoi një set trajnimesh 2 ditore në qytetet Tiranë, Durrës dhe Elbasan. Ekspertët e Institutit për Kerkime Urbane hartuan dhe zbatuan konceptet themelore të angazhimit të komponentit rinor në proceset vendim marrëse si: 1. Aftësimin e organizatave rinore për përmbushjen e misionit të tyre; 2. Funksionimin e organizatat rinore si përfaqësues të grupeve që përfaqësojnë; 3. Pajisjen e drejtuesve të organizatave rinore me aftësi specifike në fushën e Lidershipit dhe te Shkrimit te Projekteve.</p>



<figure class="wp-block-gallery has-nested-images columns-default is-cropped wp-block-gallery-1 is-layout-flex wp-block-gallery-is-layout-flex">
<figure class="wp-block-image size-large"><img loading="lazy" decoding="async" width="800" height="533" data-id="672" src="https://uri.tokdev.al/wp-content/uploads/2021/11/youth.jpg" alt="" class="wp-image-672" srcset="https://uri.org.al/wp-content/uploads/2021/11/youth.jpg 800w, https://uri.org.al/wp-content/uploads/2021/11/youth-300x200.jpg 300w, https://uri.org.al/wp-content/uploads/2021/11/youth-768x512.jpg 768w" sizes="auto, (max-width: 800px) 100vw, 800px" /></figure>
</figure>



<p class="has-light-green-cyan-color has-text-color"><a href="http://www.uri.org.al/new/wp-content/uploads/2015/07/Projekti-p%C3%ABr-Forcimin-e-Rrjeteve-Rinore-p%C3%ABr-Rritjen-e-Pjes%C3%ABmarrjes-n%C3%AB.pdf">Lexo më shumë</a></p>
