{"id":1871,"date":"2017-03-11T14:57:00","date_gmt":"2017-03-11T14:57:00","guid":{"rendered":"http:\/\/uri.org.al\/?post_type=project&#038;p=1871"},"modified":"2022-02-07T15:26:12","modified_gmt":"2022-02-07T15:26:12","slug":"vleresimi-i-mangesive-ne-zbatimin-e-strategjise-dhe-planit-kombetare-te-menaxhimit-te-mbetjeve","status":"publish","type":"project","link":"https:\/\/uri.org.al\/sq\/project\/vleresimi-i-mangesive-ne-zbatimin-e-strategjise-dhe-planit-kombetare-te-menaxhimit-te-mbetjeve\/","title":{"rendered":"Vler\u00ebsimi i Mang\u00ebsive n\u00eb Zbatimin e Strategjis\u00eb dhe Planit Komb\u00ebtare t\u00eb Menaxhimit t\u00eb Mbetjeve"},"content":{"rendered":"\n<p>Shqip\u00ebria \u00ebsht\u00eb angazhuar ne p\u00ebrmbushjen e k\u00ebrkesave t\u00eb Marr\u00ebveshjes p\u00ebr Asocjim dhe Stabilizimit. N\u00eb fush\u00ebn e mjedisit, lidhur me menaxhimin e mbetjeve, Raporti i fundit Progresit nga KE vler\u00ebson se ka mang\u00ebsi n\u00eb zbatimin e politikave komb\u00ebtare, gjithashtu ndarja n\u00eb burim e mbetjeve akoma mbetet n\u00eb nivele shume t\u00eb ul\u00ebta gjithashtu dhe riciklimi i k\u00ebtyre mbetjeve. Kapacitete t\u00eb ul\u00ebta t\u00eb autoriteteve p\u00ebrkat\u00ebse rreth menaxhimit t\u00eb mbetjeve \u00ebsht\u00eb nj\u00eb nga shkaqet kryesore t\u00eb cil\u00ebsuara n\u00eb Raport. Situata financiare e autoriteteve vendore n\u00eb t\u00ebr\u00ebsi \u00ebsht\u00eb e dob\u00ebt edhe si pasoje e ndarjes se fundit administrative si dhe reform\u00ebs territoriale. K\u00ebshtu t\u00eb ndodhur p\u00ebrpara k\u00ebsaj situate, ligji i menaxhimit t\u00eb mbetjeve i p\u00ebrafruar me at\u00eb Evropian ka nevoje p\u00ebr tu ripar\u00eb dhe p\u00ebrmir\u00ebsuar. P\u00ebr k\u00ebt\u00eb arsye Strategjia Komb\u00ebtare, Plani Komb\u00ebtar dhe Ligji mbi menaxhimin e mbetjeve jan\u00eb dokumentet kryesore t\u00eb cil\u00ebt kane nevoje p\u00ebr tu rishikuar n\u00eb lidhje me mang\u00ebsin\u00eb n\u00eb zbatimin tyre deri me tani.<\/p>\n\n\n\n<figure class=\"wp-block-gallery has-nested-images columns-default is-cropped wp-block-gallery-1 is-layout-flex wp-block-gallery-is-layout-flex\">\n<figure class=\"wp-block-image size-large\"><a href=\"https:\/\/uri.tokdev.al\/wp-content\/uploads\/2021\/11\/1-1.jpg\" target=\"_blank\" rel=\"noopener\"><img loading=\"lazy\" decoding=\"async\" width=\"1024\" height=\"576\" data-id=\"578\" src=\"https:\/\/uri.tokdev.al\/wp-content\/uploads\/2021\/11\/1-1.jpg\" alt=\"\" class=\"wp-image-578\" srcset=\"https:\/\/uri.org.al\/wp-content\/uploads\/2021\/11\/1-1.jpg 1024w, https:\/\/uri.org.al\/wp-content\/uploads\/2021\/11\/1-1-300x169.jpg 300w, https:\/\/uri.org.al\/wp-content\/uploads\/2021\/11\/1-1-768x432.jpg 768w\" sizes=\"auto, (max-width: 1024px) 100vw, 1024px\" \/><\/a><\/figure>\n<\/figure>\n\n\n\n<p class=\"has-light-green-cyan-color has-text-color\"><a href=\"http:\/\/www.uri.org.al\/new\/wp-content\/uploads\/2016\/05\/TANI-Vler%C3%ABsimi-i-Mang%C3%ABsive-n%C3%AB-Zbatimin-e-Strategjis%C3%AB-dhe-Planit-Komb%C3%ABtare-t%C3%AB-\u2026.pdf\">Lexo m\u00eb shum\u00eb<\/a><\/p>\n","protected":false},"featured_media":1140,"template":"","class_list":["post-1871","project","type-project","status-publish","has-post-thumbnail","hentry","project_categories-menaxhimi-i-sherbimeve-publike"],"acf":[],"_links":{"self":[{"href":"https:\/\/uri.org.al\/sq\/wp-json\/wp\/v2\/project\/1871","targetHints":{"allow":["GET"]}}],"collection":[{"href":"https:\/\/uri.org.al\/sq\/wp-json\/wp\/v2\/project"}],"about":[{"href":"https:\/\/uri.org.al\/sq\/wp-json\/wp\/v2\/types\/project"}],"wp:featuredmedia":[{"embeddable":true,"href":"https:\/\/uri.org.al\/sq\/wp-json\/wp\/v2\/media\/1140"}],"wp:attachment":[{"href":"https:\/\/uri.org.al\/sq\/wp-json\/wp\/v2\/media?parent=1871"}],"curies":[{"name":"wp","href":"https:\/\/api.w.org\/{rel}","templated":true}]}}

Vlerësimi i Mangësive në Zbatimin e Strategjisë dhe Planit Kombëtare të Menaxhimit të Mbetjeve

<p>Shqipëria është angazhuar ne përmbushjen e kërkesave të Marrëveshjes për Asocjim dhe Stabilizimit. Në fushën e mjedisit, lidhur me menaxhimin e mbetjeve, Raporti i fundit Progresit nga KE vlerëson se ka mangësi në zbatimin e politikave kombëtare, gjithashtu ndarja në burim e mbetjeve akoma mbetet në nivele shume të ulëta gjithashtu dhe riciklimi i këtyre mbetjeve. Kapacitete të ulëta të autoriteteve përkatëse rreth menaxhimit të mbetjeve është një nga shkaqet kryesore të cilësuara në Raport. Situata financiare e autoriteteve vendore në tërësi është e dobët edhe si pasoje e ndarjes se fundit administrative si dhe reformës territoriale. Kështu të ndodhur përpara kësaj situate, ligji i menaxhimit të mbetjeve i përafruar me atë Evropian ka nevoje për tu riparë dhe përmirësuar. Për këtë arsye Strategjia Kombëtare, Plani Kombëtar dhe Ligji mbi menaxhimin e mbetjeve janë dokumentet kryesore të cilët kane nevoje për tu rishikuar në lidhje me mangësinë në zbatimin tyre deri me tani.</p>



<figure class="wp-block-gallery has-nested-images columns-default is-cropped wp-block-gallery-1 is-layout-flex wp-block-gallery-is-layout-flex">
<figure class="wp-block-image size-large"><a href="https://uri.tokdev.al/wp-content/uploads/2021/11/1-1.jpg" target="_blank" rel="noopener"><img loading="lazy" decoding="async" width="1024" height="576" data-id="578" src="https://uri.tokdev.al/wp-content/uploads/2021/11/1-1.jpg" alt="" class="wp-image-578" srcset="https://uri.org.al/wp-content/uploads/2021/11/1-1.jpg 1024w, https://uri.org.al/wp-content/uploads/2021/11/1-1-300x169.jpg 300w, https://uri.org.al/wp-content/uploads/2021/11/1-1-768x432.jpg 768w" sizes="auto, (max-width: 1024px) 100vw, 1024px" /></a></figure>
</figure>



<p class="has-light-green-cyan-color has-text-color"><a href="http://www.uri.org.al/new/wp-content/uploads/2016/05/TANI-Vler%C3%ABsimi-i-Mang%C3%ABsive-n%C3%AB-Zbatimin-e-Strategjis%C3%AB-dhe-Planit-Komb%C3%ABtare-t%C3%AB-….pdf">Lexo më shumë</a></p>
