{"id":1872,"date":"2017-03-11T15:27:00","date_gmt":"2017-03-11T15:27:00","guid":{"rendered":"http:\/\/uri.org.al\/?post_type=project&#038;p=1872"},"modified":"2022-02-07T15:29:36","modified_gmt":"2022-02-07T15:29:36","slug":"hartimi-i-planit-te-perfshirjes-sociale-2016-2020-per-bashkine-e-durresit","status":"publish","type":"project","link":"https:\/\/uri.org.al\/sq\/project\/hartimi-i-planit-te-perfshirjes-sociale-2016-2020-per-bashkine-e-durresit\/","title":{"rendered":"Hartimi i Planit t\u00eb P\u00ebrfshirjes Sociale 2016- 2020 p\u00ebr bashkin\u00eb e Durr\u00ebsit"},"content":{"rendered":"\n<p>Objektivi i p\u00ebrgjithsh\u00ebm i DPPS \u00ebsht\u00eb arritja e nj\u00eb korniz\u00eb t\u00eb balancuar dhe t\u00eb q\u00ebndrueshme duke siguruar se p\u00ebfshirja sociale \u00ebsht\u00eb e matur, monitoruar dhe raportuar n\u00eb Shqip\u00ebri n\u00ebp\u00ebrmjet nj\u00eb set treguesish, duke p\u00ebrmir\u00ebsuar m\u00ebnyrat n\u00eb t\u00eb cilat p\u00ebrfshirja lidhet me p\u00ebrmir\u00ebsimin e politikave qeveritare dhe progresin e Shqip\u00ebris\u00eb drejt an\u00ebtar\u00ebsimit n\u00eb BE. Monitorimi dhe matja e p\u00ebrfshirjes sociale do t\u00eb p\u00ebrfshij\u00eb gjasht\u00eb fusha, si: varf\u00ebria ekonomike dhe mbrojtja sociale, pun\u00ebsimi dhe aft\u00ebsit\u00eb, sh\u00ebndet\u00ebsia, arsimi dhe formimi professional, strehimi dhe nevojat bazike, pjes\u00ebmarrja sociale dhe t\u00eb drejtat e njeriut.<\/p>\n\n\n\n<figure class=\"wp-block-gallery has-nested-images columns-default wp-block-gallery-1 is-layout-flex wp-block-gallery-is-layout-flex\">\n<figure class=\"wp-block-image size-large\"><a href=\"https:\/\/uri.tokdev.al\/wp-content\/uploads\/2021\/11\/25_big_1.jpg\" target=\"_blank\" rel=\"noopener\"><img loading=\"lazy\" decoding=\"async\" width=\"700\" height=\"466\" data-id=\"670\" src=\"https:\/\/uri.tokdev.al\/wp-content\/uploads\/2021\/11\/25_big_1.jpg\" alt=\"\" class=\"wp-image-670\" srcset=\"https:\/\/uri.org.al\/wp-content\/uploads\/2021\/11\/25_big_1.jpg 700w, https:\/\/uri.org.al\/wp-content\/uploads\/2021\/11\/25_big_1-300x200.jpg 300w\" sizes=\"auto, (max-width: 700px) 100vw, 700px\" \/><\/a><\/figure>\n<\/figure>\n\n\n\n<p class=\"has-light-green-cyan-color has-text-color\"><a href=\"http:\/\/www.uri.org.al\/new\/wp-content\/uploads\/2016\/07\/Projekti-per-WEB-Shqip.pdf\">Lexo m\u00eb shum\u00eb<\/a><\/p>\n","protected":false},"featured_media":2447,"template":"","class_list":["post-1872","project","type-project","status-publish","has-post-thumbnail","hentry","project_categories-iniciativat-sociale"],"acf":[],"_links":{"self":[{"href":"https:\/\/uri.org.al\/sq\/wp-json\/wp\/v2\/project\/1872","targetHints":{"allow":["GET"]}}],"collection":[{"href":"https:\/\/uri.org.al\/sq\/wp-json\/wp\/v2\/project"}],"about":[{"href":"https:\/\/uri.org.al\/sq\/wp-json\/wp\/v2\/types\/project"}],"wp:featuredmedia":[{"embeddable":true,"href":"https:\/\/uri.org.al\/sq\/wp-json\/wp\/v2\/media\/2447"}],"wp:attachment":[{"href":"https:\/\/uri.org.al\/sq\/wp-json\/wp\/v2\/media?parent=1872"}],"curies":[{"name":"wp","href":"https:\/\/api.w.org\/{rel}","templated":true}]}}

Hartimi i Planit të Përfshirjes Sociale 2016- 2020 për bashkinë e Durrësit

<p>Objektivi i përgjithshëm i DPPS është arritja e një kornizë të balancuar dhe të qëndrueshme duke siguruar se pëfshirja sociale është e matur, monitoruar dhe raportuar në Shqipëri nëpërmjet një set treguesish, duke përmirësuar mënyrat në të cilat përfshirja lidhet me përmirësimin e politikave qeveritare dhe progresin e Shqipërisë drejt anëtarësimit në BE. Monitorimi dhe matja e përfshirjes sociale do të përfshijë gjashtë fusha, si: varfëria ekonomike dhe mbrojtja sociale, punësimi dhe aftësitë, shëndetësia, arsimi dhe formimi professional, strehimi dhe nevojat bazike, pjesëmarrja sociale dhe të drejtat e njeriut.</p>



<figure class="wp-block-gallery has-nested-images columns-default wp-block-gallery-1 is-layout-flex wp-block-gallery-is-layout-flex">
<figure class="wp-block-image size-large"><a href="https://uri.tokdev.al/wp-content/uploads/2021/11/25_big_1.jpg" target="_blank" rel="noopener"><img loading="lazy" decoding="async" width="700" height="466" data-id="670" src="https://uri.tokdev.al/wp-content/uploads/2021/11/25_big_1.jpg" alt="" class="wp-image-670" srcset="https://uri.org.al/wp-content/uploads/2021/11/25_big_1.jpg 700w, https://uri.org.al/wp-content/uploads/2021/11/25_big_1-300x200.jpg 300w" sizes="auto, (max-width: 700px) 100vw, 700px" /></a></figure>
</figure>



<p class="has-light-green-cyan-color has-text-color"><a href="http://www.uri.org.al/new/wp-content/uploads/2016/07/Projekti-per-WEB-Shqip.pdf">Lexo më shumë</a></p>
