{"id":3952,"date":"2024-11-22T15:38:54","date_gmt":"2024-11-22T15:38:54","guid":{"rendered":"https:\/\/uri.org.al\/?post_type=project&#038;p=3952"},"modified":"2024-11-22T16:16:23","modified_gmt":"2024-11-22T16:16:23","slug":"energji-e-gjelber-dhe-e-qendrueshme-ne-ndertesat-e-elbasanit-greenelb","status":"publish","type":"project","link":"https:\/\/uri.org.al\/sq\/project\/energji-e-gjelber-dhe-e-qendrueshme-ne-ndertesat-e-elbasanit-greenelb\/","title":{"rendered":"Energji e gjelb\u00ebr dhe e q\u00ebndrueshme n\u00eb nd\u00ebrtesat e Elbasanit &#8211; GREENELB"},"content":{"rendered":"\n<p>Rrug\u00ebtimi i Elbasanit drejt neutralitetit klimatik p\u00ebrballet me sfida t\u00eb ndjeshme, ve\u00e7an\u00ebrisht n\u00eb sektorin e nd\u00ebrtesave. Inventari i par\u00eb i gazeve serr\u00eb i qytetit tregon se nd\u00ebrtesat jan\u00eb kontribuesit kryesor\u00eb t\u00eb emetimeve, ku konsumi i energjis\u00eb elektrike p\u00ebrb\u00ebn 28.3%, nd\u00ebrsa energjia jo-elektrike shton edhe 15.9%t\u00eb emetimeve totale. Nd\u00ebrtesat e banimit privat jan\u00eb burimi kryesor, p\u00ebrgjegj\u00ebse p\u00ebr 96.8% t\u00eb k\u00ebtyre emetimeve.<br>P\u00ebrmes Programit t\u00eb Qyteteve Pilot NetZeroCities n\u00eb kuad\u00ebr t\u00eb Misionit t\u00eb BE-s\u00eb p\u00ebr Qytetet Neutrale ndaj Klim\u00ebs, ky projekt do t\u00eb pilotoj\u00eb zgjidhje inovative t\u00eb eficienc\u00ebs s\u00eb energjis\u00eb n\u00eb lagjen &#8220;Vullnetari&#8221; t\u00eb Elbasanit. Kjo lagje do t\u00eb sh\u00ebrbej\u00eb si terren testimi p\u00ebr zhvillimin dhe zbatimin e modeleve gjith\u00ebp\u00ebrfshir\u00ebse t\u00eb eficienc\u00ebs s\u00eb energjis\u00eb q\u00eb m\u00eb von\u00eb mund t\u00eb shkall\u00ebzohen n\u00eb t\u00eb gjith\u00eb qytetin.<\/p>\n\n\n\n<div class=\"wp-block-file\"><a id=\"wp-block-file--media-c2d1e863-4435-487a-a8b7-c99b8f667935\" href=\"https:\/\/uri.org.al\/wp-content\/uploads\/2024\/11\/Elbasan-NZC-Alb.pdf\">Flet\u00eb informuese<\/a><a href=\"https:\/\/uri.org.al\/wp-content\/uploads\/2024\/11\/Elbasan-NZC-Alb.pdf\" class=\"wp-block-file__button wp-element-button\" download aria-describedby=\"wp-block-file--media-c2d1e863-4435-487a-a8b7-c99b8f667935\">Download<\/a><\/div>\n","protected":false},"featured_media":4046,"template":"","class_list":["post-3952","project","type-project","status-publish","has-post-thumbnail","hentry","project_categories-projektet-ne-vijim","project_categories-mjedisi-dhe-turizmi"],"acf":[],"_links":{"self":[{"href":"https:\/\/uri.org.al\/sq\/wp-json\/wp\/v2\/project\/3952","targetHints":{"allow":["GET"]}}],"collection":[{"href":"https:\/\/uri.org.al\/sq\/wp-json\/wp\/v2\/project"}],"about":[{"href":"https:\/\/uri.org.al\/sq\/wp-json\/wp\/v2\/types\/project"}],"wp:featuredmedia":[{"embeddable":true,"href":"https:\/\/uri.org.al\/sq\/wp-json\/wp\/v2\/media\/4046"}],"wp:attachment":[{"href":"https:\/\/uri.org.al\/sq\/wp-json\/wp\/v2\/media?parent=3952"}],"curies":[{"name":"wp","href":"https:\/\/api.w.org\/{rel}","templated":true}]}}

Energji e gjelbër dhe e qëndrueshme në ndërtesat e Elbasanit &#8211; GREENELB

<p>Rrugëtimi i Elbasanit drejt neutralitetit klimatik përballet me sfida të ndjeshme, veçanërisht në sektorin e ndërtesave. Inventari i parë i gazeve serrë i qytetit tregon se ndërtesat janë kontribuesit kryesorë të emetimeve, ku konsumi i energjisë elektrike përbën 28.3%, ndërsa energjia jo-elektrike shton edhe 15.9%të emetimeve totale. Ndërtesat e banimit privat janë burimi kryesor, përgjegjëse për 96.8% të këtyre emetimeve.<br>Përmes Programit të Qyteteve Pilot NetZeroCities në kuadër të Misionit të BE-së për Qytetet Neutrale ndaj Klimës, ky projekt do të pilotojë zgjidhje inovative të eficiencës së energjisë në lagjen &#8220;Vullnetari&#8221; të Elbasanit. Kjo lagje do të shërbejë si terren testimi për zhvillimin dhe zbatimin e modeleve gjithëpërfshirëse të eficiencës së energjisë që më vonë mund të shkallëzohen në të gjithë qytetin.</p>



<div class="wp-block-file"><a id="wp-block-file--media-c2d1e863-4435-487a-a8b7-c99b8f667935" href="https://uri.org.al/wp-content/uploads/2024/11/Elbasan-NZC-Alb.pdf">Fletë informuese</a><a href="https://uri.org.al/wp-content/uploads/2024/11/Elbasan-NZC-Alb.pdf" class="wp-block-file__button wp-element-button" download aria-describedby="wp-block-file--media-c2d1e863-4435-487a-a8b7-c99b8f667935">Download</a></div>
