{"id":3955,"date":"2024-11-22T16:10:45","date_gmt":"2024-11-22T16:10:45","guid":{"rendered":"https:\/\/uri.org.al\/?post_type=project&#038;p=3955"},"modified":"2024-11-22T16:25:20","modified_gmt":"2024-11-22T16:25:20","slug":"mbrojtja-e-mjedisit-permes-menaxhimit-te-integruar-te-mbetjeve-ne-bashkine-durres","status":"publish","type":"project","link":"https:\/\/uri.org.al\/sq\/project\/mbrojtja-e-mjedisit-permes-menaxhimit-te-integruar-te-mbetjeve-ne-bashkine-durres\/","title":{"rendered":"Mbrojtja e mjedisit p\u00ebrmes menaxhimit t\u00eb integruar t\u00eb mbetjeve n\u00eb bashkin\u00eb Durr\u00ebs"},"content":{"rendered":"\n<p>Durr\u00ebsi \u00ebsht\u00eb qyteti i dyt\u00eb m\u00eb i madh n\u00eb Shqip\u00ebri dhe p\u00ebrballet me sfida t\u00eb r\u00ebnd\u00ebsishme t\u00eb menaxhimit t\u00eb mbetjeve. Sistemi operon p\u00ebrmes sh\u00ebrbimeve baz\u00eb t\u00eb grumbullimit duke p\u00ebrdorur kamion\u00eb dhe pun\u00ebtor\u00eb komunal\u00eb, me mbetjet e depozituara kryesisht n\u00eb landfill. Qyteti p\u00ebrballet me rritjen e v\u00ebllimeve t\u00eb mbetjeve gjat\u00eb sezoneve turistike dhe i mungojn\u00eb objektet t\u00eb p\u00ebrpunimit t\u00eb mbetjeve.<\/p>\n\n\n\n<p>Nd\u00ebrsa nismat e mb\u00ebshtetura nga burime te ndryshme po ndihmojn\u00eb n\u00eb modernizimin e sistemit, bashkia Durr\u00ebs vazhdon t\u00eb p\u00ebrballet me v\u00ebshtir\u00ebsi financiare dhe operative n\u00eb p\u00ebrmbushjen e nevojave n\u00eb rritje p\u00ebr menaxhimin e mbetjeve urbane.<\/p>\n\n\n\n<div class=\"wp-block-file\"><a id=\"wp-block-file--media-44d3e727-2020-4c38-86ad-21c74e34d00f\" href=\"https:\/\/uri.org.al\/wp-content\/uploads\/2024\/11\/Durres-Shqip.pdf\">Flet\u00eb informuese<\/a><a href=\"https:\/\/uri.org.al\/wp-content\/uploads\/2024\/11\/Durres-Shqip.pdf\" class=\"wp-block-file__button wp-element-button\" download aria-describedby=\"wp-block-file--media-44d3e727-2020-4c38-86ad-21c74e34d00f\">Download<\/a><\/div>\n\n\n\n<p><\/p>\n","protected":false},"featured_media":3962,"template":"","class_list":["post-3955","project","type-project","status-publish","has-post-thumbnail","hentry","project_categories-projektet-ne-vijim","project_categories-menaxhimi-i-sherbimeve-publike"],"acf":[],"_links":{"self":[{"href":"https:\/\/uri.org.al\/sq\/wp-json\/wp\/v2\/project\/3955","targetHints":{"allow":["GET"]}}],"collection":[{"href":"https:\/\/uri.org.al\/sq\/wp-json\/wp\/v2\/project"}],"about":[{"href":"https:\/\/uri.org.al\/sq\/wp-json\/wp\/v2\/types\/project"}],"wp:featuredmedia":[{"embeddable":true,"href":"https:\/\/uri.org.al\/sq\/wp-json\/wp\/v2\/media\/3962"}],"wp:attachment":[{"href":"https:\/\/uri.org.al\/sq\/wp-json\/wp\/v2\/media?parent=3955"}],"curies":[{"name":"wp","href":"https:\/\/api.w.org\/{rel}","templated":true}]}}

Mbrojtja e mjedisit përmes menaxhimit të integruar të mbetjeve në bashkinë Durrës

<p>Durrësi është qyteti i dytë më i madh në Shqipëri dhe përballet me sfida të rëndësishme të menaxhimit të mbetjeve. Sistemi operon përmes shërbimeve bazë të grumbullimit duke përdorur kamionë dhe punëtorë komunalë, me mbetjet e depozituara kryesisht në landfill. Qyteti përballet me rritjen e vëllimeve të mbetjeve gjatë sezoneve turistike dhe i mungojnë objektet të përpunimit të mbetjeve.</p>



<p>Ndërsa nismat e mbështetura nga burime te ndryshme po ndihmojnë në modernizimin e sistemit, bashkia Durrës vazhdon të përballet me vështirësi financiare dhe operative në përmbushjen e nevojave në rritje për menaxhimin e mbetjeve urbane.</p>



<div class="wp-block-file"><a id="wp-block-file--media-44d3e727-2020-4c38-86ad-21c74e34d00f" href="https://uri.org.al/wp-content/uploads/2024/11/Durres-Shqip.pdf">Fletë informuese</a><a href="https://uri.org.al/wp-content/uploads/2024/11/Durres-Shqip.pdf" class="wp-block-file__button wp-element-button" download aria-describedby="wp-block-file--media-44d3e727-2020-4c38-86ad-21c74e34d00f">Download</a></div>



<p></p>
