{"id":2828,"date":"2020-12-27T10:55:02","date_gmt":"2020-12-27T10:55:02","guid":{"rendered":"https:\/\/uri.org.al\/?post_type=publication&#038;p=2828"},"modified":"2022-08-02T08:44:47","modified_gmt":"2022-08-02T08:44:47","slug":"raport-vleresimi-rimekembja-covid","status":"publish","type":"publication","link":"https:\/\/uri.org.al\/sq\/publication\/raport-vleresimi-rimekembja-covid\/","title":{"rendered":"Raport Vler\u00ebsimi p\u00ebr Tiran\u00ebn: Rim\u00ebk\u00ebmbja post COVID-19 n\u00eb Vendbanime Joformale"},"content":{"rendered":"\n<p>Projekti &#8220;<a href=\"https:\/\/uri.org.al\/sq\/project\/rimekembja-unece\/\">Rim\u00ebk\u00ebmbja post COVID-19 n\u00eb vendbanimet joformale n\u00eb rajonin e UNECE-s<\/a>&#8221; synoi t\u00eb forcoj\u00eb kapacitetet e qeverive komb\u00ebtare dhe lokale n\u00eb vendet e UNECE-s p\u00ebr t\u00eb adresuar nevojat e grupeve m\u00eb t\u00eb cenueshme t\u00eb popullsis\u00eb q\u00eb jetojn\u00eb n\u00eb vendbanimet informale. Q\u00ebllimi ishte rritja e rim\u00ebk\u00ebmbjes socio-ekonomike pas pandemis\u00eb dhe kontributi n\u00eb q\u00ebndrueshm\u00ebrin\u00eb e qyteteve n\u00eb vendet pjes\u00ebmarr\u00ebse, nd\u00ebrtimi i kapaciteteve p\u00ebr rim\u00ebk\u00ebmbje n\u00eb autoritetet komb\u00ebtare dhe vendore n\u00eb kat\u00ebr vendet pilot, si dhe p\u00ebrmir\u00ebsimi i planeve t\u00eb vendbanimeve joformale.<\/p>\n\n\n\n<p>Raporti i Vler\u00ebsimit t\u00eb projektit identifikon sfidat me t\u00eb cilat p\u00ebrballen vendbanimet informale n\u00eb Tiran\u00eb, n\u00eb ve\u00e7anti ai i Laprak\u00ebs, dhe vler\u00ebson ndikimin dhe reagimet ndaj pandemis\u00eb COVID-19 n\u00eb k\u00ebt\u00eb vendbanim t\u00eb p\u00ebrzgjedhur joformal. Ai gjithashtu vler\u00ebson nevojat e banor\u00ebve t\u00eb vendbanimit, p\u00ebrmes mbledhjes dhe analiz\u00ebs s\u00eb t\u00eb dh\u00ebnave dhe informacionit. P\u00ebrve\u00e7 k\u00ebsaj, ai ofron rekomandime p\u00ebr p\u00ebrmir\u00ebsimin e vendbanimeve t\u00eb p\u00ebrzgjedhura joformale dhe mb\u00ebshtetjen e qytetit n\u00eb rim\u00ebk\u00ebmbjen nga pandemia COVID-19.<\/p>\n\n\n\n<p><a href=\"https:\/\/uri.org.al\/wp-content\/uploads\/2022\/06\/Assessment-Report-Tirana-UNECE.pdf\">Lexo m\u00eb shum\u00eb<\/a><\/p>\n","protected":false},"featured_media":2517,"template":"","categories":[],"class_list":["post-2828","publication","type-publication","status-publish","has-post-thumbnail","hentry"],"acf":[],"_links":{"self":[{"href":"https:\/\/uri.org.al\/sq\/wp-json\/wp\/v2\/publication\/2828","targetHints":{"allow":["GET"]}}],"collection":[{"href":"https:\/\/uri.org.al\/sq\/wp-json\/wp\/v2\/publication"}],"about":[{"href":"https:\/\/uri.org.al\/sq\/wp-json\/wp\/v2\/types\/publication"}],"wp:featuredmedia":[{"embeddable":true,"href":"https:\/\/uri.org.al\/sq\/wp-json\/wp\/v2\/media\/2517"}],"wp:attachment":[{"href":"https:\/\/uri.org.al\/sq\/wp-json\/wp\/v2\/media?parent=2828"}],"wp:term":[{"taxonomy":"category","embeddable":true,"href":"https:\/\/uri.org.al\/sq\/wp-json\/wp\/v2\/categories?post=2828"}],"curies":[{"name":"wp","href":"https:\/\/api.w.org\/{rel}","templated":true}]}}

Raport Vlerësimi për Tiranën: Rimëkëmbja post COVID-19 në Vendbanime Joformale

<p>Projekti &#8220;<a href="https://uri.org.al/sq/project/rimekembja-unece/">Rimëkëmbja post COVID-19 në vendbanimet joformale në rajonin e UNECE-s</a>&#8221; synoi të forcojë kapacitetet e qeverive kombëtare dhe lokale në vendet e UNECE-s për të adresuar nevojat e grupeve më të cenueshme të popullsisë që jetojnë në vendbanimet informale. Qëllimi ishte rritja e rimëkëmbjes socio-ekonomike pas pandemisë dhe kontributi në qëndrueshmërinë e qyteteve në vendet pjesëmarrëse, ndërtimi i kapaciteteve për rimëkëmbje në autoritetet kombëtare dhe vendore në katër vendet pilot, si dhe përmirësimi i planeve të vendbanimeve joformale.</p>



<p>Raporti i Vlerësimit të projektit identifikon sfidat me të cilat përballen vendbanimet informale në Tiranë, në veçanti ai i Laprakës, dhe vlerëson ndikimin dhe reagimet ndaj pandemisë COVID-19 në këtë vendbanim të përzgjedhur joformal. Ai gjithashtu vlerëson nevojat e banorëve të vendbanimit, përmes mbledhjes dhe analizës së të dhënave dhe informacionit. Përveç kësaj, ai ofron rekomandime për përmirësimin e vendbanimeve të përzgjedhura joformale dhe mbështetjen e qytetit në rimëkëmbjen nga pandemia COVID-19.</p>



<p><a href="https://uri.org.al/wp-content/uploads/2022/06/Assessment-Report-Tirana-UNECE.pdf">Lexo më shumë</a></p>
